d. Let u(z) = -z**3 + 7*z**2 - 11*z + 9. Let x be u(d). Let o be (4/x)/(1/3). Calculate the highest common factor of o and 2.
1
Let f(j) = -j**3 + 15*j**2 - 16*j + 19. Let h be f(14). Let v = 17 - h. Calculate the greatest common factor of v and 234.
26
Let p = -735 - -1190. Calculate the greatest common divisor of p and 52.
13
Let u = 6 + 36. Suppose 10*i + 2*i = 24. Suppose -x = x + 4*z - 244, -i*z = 3*x - 374. Calculate the highest common divisor of x and u.
42
Suppose 5*l = -6*r + 3*r + 325, -4*l + 260 = 3*r. Suppose -c = 2*p - 14, 0 = 5*p - c - 4*c - l. Calculate the greatest common divisor of 9 and p.
9
Suppose 132 = 7*b - 92. What is the greatest common divisor of 128 and b?
32
Suppose 28*u - 72 = 20*u. What is the highest common factor of u and 21?
3
Let z(f) = f**2 - 3*f + 5. Let g be z(2). Suppose x + g*x = 40. Let m be 1/(((-2)/8)/(-1)). Calculate the greatest common factor of x and m.
2
Let o(n) = 3*n**2 - 8*n - 3. Let m be o(-5). Let v(g) = g**3 - 71*g**2 + 204*g + 16. Let p be v(68). Calculate the highest common divisor of p and m.
16
Let n(x) = x + 20. Let c be n(-18). Suppose -6*v + 2*v + 16 = 0. Suppose c*a + v = 42. Calculate the greatest common factor of 19 and a.
19
Suppose q - 2 = -2*t - 3*t, -2*q + 2*t + 16 = 0. Calculate the greatest common divisor of q and 49.
7
Suppose 0 = 2*p - 3*m - 905, -4*p + 2585 = -3*m + 778. Calculate the greatest common factor of p and 11.
11
Suppose -9*y + 673 = -371. Calculate the greatest common divisor of y and 29.
29
Let i(n) = -3*n + 7. Let o be i(3). Let x be ((-28)/3)/(o/3). Suppose r = 4*t - 9 - 76, -r - 22 = -t. What is the greatest common divisor of x and t?
7
Suppose 48*b - 27 = -75. Let z(q) = 4*q - 1. Let u be z(-2). Let y be 5 + b/(3/u). Calculate the greatest common factor of y and 4.
4
Suppose 12*s + 25 = 7*s, 5*s = 3*n - 115. Let d = 24 - 12. Calculate the highest common divisor of d and n.
6
Let u be (7 + 238/(-35))*(1076 - 1). Let q = 132 + -89. What is the greatest common divisor of q and u?
43
Let t be 3/9*122 + (-3)/(-9). What is the greatest common divisor of t and 123?
41
Let y(h) = -h - 16. Let r be y(-19). Suppose -r*l - 7 = -4*l. What is the highest common divisor of 35 and l?
7
Let q be (23/(-46))/((-2)/48). What is the highest common factor of 6 and q?
6
Suppose 10*g - 290 + 70 = 0. Let n = g - 0. What is the highest common factor of n and 11?
11
Let u(p) = p**2 - 12*p - 5. Let v be u(12). Let m = v + 37. Suppose -m - 53 = -5*s. Calculate the highest common factor of 187 and s.
17
Suppose 0 = -w + 2*z - 0 - 3, -z - 2 = -4*w. Calculate the highest common divisor of w and 37.
1
Let j(m) = 45*m**2 + 2*m - 1. Let r be j(1). What is the greatest common factor of 276 and r?
46
Let r = 4 + 8. Let w be 8/36 + (-176)/(-18). Let f be 2/w - 8624/(-80). Calculate the greatest common factor of r and f.
12
Suppose 0 = 6*u - u - 10. Let q be (21 - u) + -4 - 1. What is the highest common factor of q and 154?
14
Let n(k) be the second derivative of k**4/6 - 23*k**3/6 + 25*k**2/2 - 4*k. Let u be n(11). What is the highest common divisor of u and 2?
2
Let o = -59 + 89. Suppose -136*x + 30 = -135*x. What is the greatest common divisor of o and x?
30
Let c = -29 + 63. Suppose 4*h - 2*h = c. Suppose 23 = 2*k - 351. What is the greatest common divisor of h and k?
17
Suppose 5*s = 4*o - 58, 0 = s - 2*s + 4*o - 18. Let z = 20 - s. Calculate the greatest common divisor of z and 10.
10
Let o be 16/(-5)*(-195)/78. Calculate the greatest common divisor of 664 and o.
8
Let q be (-95)/3*(-120)/100. Calculate the highest common divisor of 8 and q.
2
Suppose -b - 4*b + 410 = 0. Let x = b - 55. What is the greatest common divisor of 3 and x?
3
Let i(b) = b**2 + 4. Let w be i(4). Suppose 355 = 12*z - 5. Calculate the highest common divisor of z and w.
10
Let c(o) = o**2 - 9. Let s be c(-3). Suppose s = 5*w + 3*p - 60, p + 80 = 2*w + 3*w. Calculate the highest common factor of w and 15.
15
Let a = -524 + 535. Let l(v) = v**2 + 3*v + 1. Let u be l(-5). What is the greatest common factor of a and u?
11
Let s(m) = -135*m - 390. Let y be s(-6). Calculate the highest common divisor of y and 112.
28
Suppose t - 30 = 4*n - 6*n, -5*t + 2*n = -90. Let l be -1*(-4)/(-1)*-1. Suppose -l*j + 120 = t. Calculate the greatest common divisor of 5 and j.
5
Suppose -18*q + 20*q - 414 = 0. Calculate the highest common divisor of 36 and q.
9
Suppose 2*r + 10 = 0, 5*r = -2*l + 35 + 568. Let g = 496 - l. Calculate the highest common factor of g and 26.
26
Let q = -894 + 930. Calculate the highest common factor of q and 81.
9
Let s(u) = -u**2 - 28*u + 287. Let d be s(-35). Let o be 1*4/2 + 5. What is the highest common factor of d and o?
7
Suppose 0 = 4*q + 6 - 14. Suppose 3*u - 77 = q*b + 9, 2*u = b + 58. Suppose 50 = 5*l - u. Calculate the greatest common factor of 176 and l.
16
Suppose 60 = m + 4*m + 5*y, -52 = -2*m + 5*y. Let j be 14*2*8/m. What is the greatest common divisor of j and 14?
14
Suppose -83 + 63 = -5*y. Suppose -y*g + 142 = -686. Calculate the greatest common divisor of 23 and g.
23
Let v = 228 - 101. Suppose -23 - v = -5*i. What is the highest common divisor of 6 and i?
6
Suppose 0 = -4*q + 3 - 147. Let h = 9 - q. Let m(r) = r**3 - 7*r**2 + r - 2. Let w be m(7). What is the greatest common divisor of h and w?
5
Suppose 3*p - 4*p = -2*h - 60, 2*p = -3*h + 120. What is the greatest common divisor of 660 and p?
60
Let s(k) be the second derivative of 1/4*k**4 + 1/6*k**3 + 2*k**2 + 0 + 9*k. Let c be s(3). What is the highest common factor of c and 85?
17
Suppose 269 = j - 391. Suppose 7*v = -13*v + j. Calculate the greatest common divisor of 3 and v.
3
Suppose -53*j = -49595 - 11673. Calculate the highest common factor of 136 and j.
68
Let g be ((-96)/(-80))/((-2)/5). Let x be -1 - ((-3)/g + -4). Let n be ((-12)/(-5))/(12/40). What is the highest common divisor of n and x?
2
Let u = -24 - -80. Calculate the greatest common factor of 32 and u.
8
Suppose 595 - 545 = 2*k. Calculate the highest common factor of k and 25.
25
Let v = 18 - -13. Suppose 91 = 3*o - 374. What is the highest common divisor of v and o?
31
Suppose 0 = -4*x + 6*x - 4*y - 2, 5*x + y - 16 = 0. Calculate the highest common divisor of x and 480.
3
Suppose -5*q + 7 = -4*b, -2*b + 19 = -2*q + 7*q. Suppose b*l = j + 1, -j - j + 7 = 5*l. Calculate the highest common divisor of j and 7.
1
Suppose 2*z - q = -26, 4*z - 21 = 5*q - 73. Let y = 39 + z. Suppose -18*a + 273 = -11*a. Calculate the highest common divisor of y and a.
13
Let j = -100 - -106. Let r be 7/((-105)/j) - (-37)/5. Calculate the greatest common factor of r and 42.
7
Let m = -646 + 1141. Calculate the highest common divisor of m and 90.
45
Let g(v) = v**2 + 29*v - 75. Let d be g(-32). Calculate the greatest common factor of d and 203.
7
Suppose v - 4 = -m + 2, -4*v + 3*m = -17. Suppose 3*x - 9 - 86 = u, v*u - 165 = -5*x. Suppose 18 + 6 = 3*p. Calculate the highest common divisor of x and p.
8
Suppose 3*u = 4*u + 191. Let k = 281 + u. Let r = -21 + 31. Calculate the highest common divisor of r and k.
10
Let g = 29 - 21. Let b be (-1*2 - 0)*(-36)/g. What is the greatest common divisor of b and 171?
9
Let a = 3 + -1. Suppose -3*c + 34 = -a. Let h(u) = -u**3 + 10*u**2 - 9*u + 6. Let b be h(9). Calculate the highest common factor of b and c.
6
Let p = 58 - 29. Suppose 0 = -2*x - b + p, 5 = x + 4*b + 1. Let g be 7*6 + (1 - 3). Calculate the greatest common factor of x and g.
8
Let o be (2/(-2))/((-3)/165). Suppose -2400*c + 2396*c - 2*m = -12, 0 = -2*c - 3*m - 2. Calculate the highest common divisor of c and o.
5
Let g be ((-2704)/1690)/(-1*1/60). What is the greatest common factor of 600 and g?
24
Let l be (-7)/(-3) + (-2)/(-3). Suppose -2*x - l = -3*x. Suppose -2*v + 10 = 0, -2*v - 3*v + 70 = x*u. What is the highest common divisor of 75 and u?
15
Let m(i) = -122*i**3 + i**2 + i - 1. Let g be m(-1). Let n = 11 - 0. Calculate the highest common factor of n and g.
11
Let j be -3*((-225)/27 + 2). Calculate the greatest common divisor of j and 1216.
19
Let f(t) = -6*t**2 - 4. Let r be f(2). Let a(l) = -l**3 - 27*l**2 + 26*l - 55. Let n be a(r). What is the greatest common factor of 5 and n?
1
Let f(y) = -2 + 3 + y - 5 + 3 + 66*y**2. Let r = -42 + 43. Let w be f(r). What is the highest com